{"id":857,"date":"2026-05-04T21:14:59","date_gmt":"2026-05-04T21:14:59","guid":{"rendered":"https:\/\/saturnocafe.org\/?post_type=product&#038;p=857"},"modified":"2026-05-06T23:25:57","modified_gmt":"2026-05-06T23:25:57","slug":"huevos-divorciados","status":"publish","type":"product","link":"https:\/\/saturnocafe.org\/?product=huevos-divorciados","title":{"rendered":"Huevos divorciados"},"content":{"rendered":"<p data-start=\"1928\" data-end=\"2182\">Los huevos divorciados consisten en 2 piezas de huevo <em data-start=\"1982\" data-end=\"1995\">El Calvario<\/em> estrellados, ba\u00f1ados con salsa roja y salsa verde, ofreciendo dos sabores distintos en un mismo platillo. Se acompa\u00f1an con 120 g de frijoles <em data-start=\"2137\" data-end=\"2147\">Michigan<\/em>, 30 g de pl\u00e1tano frito y tortilla.<\/p>\n<p data-start=\"2184\" data-end=\"2316\"><strong data-start=\"2184\" data-end=\"2201\">Presentaci\u00f3n:<\/strong> 2 piezas de huevo <em data-start=\"2220\" data-end=\"2233\">El Calvario<\/em> estrellados con salsa roja y verde, frijoles <em data-start=\"2279\" data-end=\"2289\">Michigan<\/em>, pl\u00e1tano frito y tortilla.<\/p>\n","protected":false},"excerpt":{"rendered":"<p>Los huevos divorciados consisten en 2 piezas de huevo El Calvario estrellados, ba\u00f1ados con salsa roja y salsa verde, ofreciendo dos sabores distintos en un mismo platillo. Se acompa\u00f1an con 120 g de frijoles Michigan, 30 g de pl\u00e1tano frito y tortilla. Presentaci\u00f3n: 2 piezas de huevo El Calvario estrellados con salsa roja y verde, [&hellip;]<\/p>\n","protected":false},"featured_media":1023,"comment_status":"open","ping_status":"closed","template":"","meta":{"_uag_custom_page_level_css":"","advanced_seo_description":"","jetpack_seo_html_title":"","jetpack_seo_noindex":false},"product_brand":[],"product_cat":[30],"product_tag":[],"class_list":{"0":"post-857","1":"product","2":"type-product","3":"status-publish","4":"has-post-thumbnail","6":"product_cat-huevos","8":"first","9":"instock","10":"taxable","11":"shipping-taxable","12":"purchasable","13":"product-type-simple"},"uagb_featured_image_src":{"full":["https:\/\/saturnocafe.org\/wp-content\/uploads\/2026\/05\/ChatGPT-Image-6-may-2026-05_25_02-p.m.png",1417,1110,false],"thumbnail":["https:\/\/saturnocafe.org\/wp-content\/uploads\/2026\/05\/ChatGPT-Image-6-may-2026-05_25_02-p.m-150x150.png",150,150,true],"medium":["https:\/\/saturnocafe.org\/wp-content\/uploads\/2026\/05\/ChatGPT-Image-6-may-2026-05_25_02-p.m-300x235.png",300,235,true],"medium_large":["https:\/\/saturnocafe.org\/wp-content\/uploads\/2026\/05\/ChatGPT-Image-6-may-2026-05_25_02-p.m-768x602.png",768,602,true],"large":["https:\/\/saturnocafe.org\/wp-content\/uploads\/2026\/05\/ChatGPT-Image-6-may-2026-05_25_02-p.m-1024x802.png",1024,802,true],"1536x1536":["https:\/\/saturnocafe.org\/wp-content\/uploads\/2026\/05\/ChatGPT-Image-6-may-2026-05_25_02-p.m.png",1417,1110,false],"2048x2048":["https:\/\/saturnocafe.org\/wp-content\/uploads\/2026\/05\/ChatGPT-Image-6-may-2026-05_25_02-p.m.png",1417,1110,false],"woocommerce_archive_thumbnail":["https:\/\/saturnocafe.org\/wp-content\/uploads\/2026\/05\/ChatGPT-Image-6-may-2026-05_25_02-p.m-400x313.png",400,313,true],"woocommerce_thumbnail":["https:\/\/saturnocafe.org\/wp-content\/uploads\/2026\/05\/ChatGPT-Image-6-may-2026-05_25_02-p.m-400x400.png",400,400,true],"woocommerce_single":["https:\/\/saturnocafe.org\/wp-content\/uploads\/2026\/05\/ChatGPT-Image-6-may-2026-05_25_02-p.m-600x470.png",600,470,true],"woocommerce_gallery_thumbnail":["https:\/\/saturnocafe.org\/wp-content\/uploads\/2026\/05\/ChatGPT-Image-6-may-2026-05_25_02-p.m-100x100.png",100,100,true]},"uagb_author_info":{"display_name":"232b40017@alumno.ujat.mx","author_link":"https:\/\/saturnocafe.org\/?author=0"},"uagb_comment_info":0,"uagb_excerpt":"Los huevos divorciados consisten en 2 piezas de huevo El Calvario estrellados, ba\u00f1ados con salsa roja y salsa verde, ofreciendo dos sabores distintos en un mismo platillo. Se acompa\u00f1an con 120 g de frijoles Michigan, 30 g de pl\u00e1tano frito y tortilla. Presentaci\u00f3n: 2 piezas de huevo El Calvario estrellados con salsa roja y verde,&hellip;","jetpack_sharing_enabled":true,"_links":{"self":[{"href":"https:\/\/saturnocafe.org\/index.php?rest_route=\/wp\/v2\/product\/857","targetHints":{"allow":["GET"]}}],"collection":[{"href":"https:\/\/saturnocafe.org\/index.php?rest_route=\/wp\/v2\/product"}],"about":[{"href":"https:\/\/saturnocafe.org\/index.php?rest_route=\/wp\/v2\/types\/product"}],"replies":[{"embeddable":true,"href":"https:\/\/saturnocafe.org\/index.php?rest_route=%2Fwp%2Fv2%2Fcomments&post=857"}],"wp:featuredmedia":[{"embeddable":true,"href":"https:\/\/saturnocafe.org\/index.php?rest_route=\/wp\/v2\/media\/1023"}],"wp:attachment":[{"href":"https:\/\/saturnocafe.org\/index.php?rest_route=%2Fwp%2Fv2%2Fmedia&parent=857"}],"wp:term":[{"taxonomy":"product_brand","embeddable":true,"href":"https:\/\/saturnocafe.org\/index.php?rest_route=%2Fwp%2Fv2%2Fproduct_brand&post=857"},{"taxonomy":"product_cat","embeddable":true,"href":"https:\/\/saturnocafe.org\/index.php?rest_route=%2Fwp%2Fv2%2Fproduct_cat&post=857"},{"taxonomy":"product_tag","embeddable":true,"href":"https:\/\/saturnocafe.org\/index.php?rest_route=%2Fwp%2Fv2%2Fproduct_tag&post=857"}],"curies":[{"name":"wp","href":"https:\/\/api.w.org\/{rel}","templated":true}]}}