{"id":112,"date":"2021-11-30T15:57:26","date_gmt":"2021-11-30T15:57:26","guid":{"rendered":"https:\/\/startersites.io\/blocksy\/petsy\/?post_type=product&#038;p=112"},"modified":"2026-05-06T21:50:07","modified_gmt":"2026-05-06T21:50:07","slug":"espresso","status":"publish","type":"product","link":"https:\/\/saturnocafe.org\/?product=espresso","title":{"rendered":"Espresso"},"content":{"rendered":"<p data-start=\"34\" data-end=\"341\">Nuestro espresso est\u00e1 preparado con 19 gramos de caf\u00e9 en grano de origen veracruzano, con un intenso tueste franc\u00e9s de la marca Finca Sof\u00eda. Se muele al instante para garantizar su frescura y se extrae con 60 ml de agua, logrando una bebida concentrada, arom\u00e1tica y de sabor profundo.<\/p>\n<p data-start=\"343\" data-end=\"578\" data-is-last-node=\"\" data-is-only-node=\"\">Puede disfrutarse en taza de porcelana dentro del local o en vaso de papel de 8 oz con tapa y fajilla para llevar. El precio es el mismo para consumo en sitio o para llevar; \u00fanicamente el servicio a domicilio genera un costo adicional.<\/p>\n","protected":false},"excerpt":{"rendered":"<p>Nuestro espresso est\u00e1 preparado con 19 gramos de caf\u00e9 en grano de origen veracruzano, con un intenso tueste franc\u00e9s de la marca Finca Sof\u00eda. Se muele al instante para garantizar su frescura y se extrae con 60 ml de agua, logrando una bebida concentrada, arom\u00e1tica y de sabor profundo. Puede disfrutarse en taza de porcelana [&hellip;]<\/p>\n","protected":false},"featured_media":653,"comment_status":"open","ping_status":"closed","template":"","meta":{"_uag_custom_page_level_css":"","advanced_seo_description":"","jetpack_seo_html_title":"","jetpack_seo_noindex":false},"product_brand":[],"product_cat":[17],"product_tag":[],"class_list":{"0":"post-112","1":"product","2":"type-product","3":"status-publish","4":"has-post-thumbnail","6":"product_cat-bebidas-calientes","8":"first","9":"instock","10":"taxable","11":"shipping-taxable","12":"purchasable","13":"product-type-simple"},"uagb_featured_image_src":{"full":["https:\/\/saturnocafe.org\/wp-content\/uploads\/2021\/11\/ChatGPT-Image-2-may-2026-03_20_14-p.m.png",1402,1122,false],"thumbnail":["https:\/\/saturnocafe.org\/wp-content\/uploads\/2021\/11\/ChatGPT-Image-2-may-2026-03_20_14-p.m-150x150.png",150,150,true],"medium":["https:\/\/saturnocafe.org\/wp-content\/uploads\/2021\/11\/ChatGPT-Image-2-may-2026-03_20_14-p.m-300x240.png",300,240,true],"medium_large":["https:\/\/saturnocafe.org\/wp-content\/uploads\/2021\/11\/ChatGPT-Image-2-may-2026-03_20_14-p.m-768x615.png",768,615,true],"large":["https:\/\/saturnocafe.org\/wp-content\/uploads\/2021\/11\/ChatGPT-Image-2-may-2026-03_20_14-p.m-1024x819.png",1024,819,true],"1536x1536":["https:\/\/saturnocafe.org\/wp-content\/uploads\/2021\/11\/ChatGPT-Image-2-may-2026-03_20_14-p.m.png",1402,1122,false],"2048x2048":["https:\/\/saturnocafe.org\/wp-content\/uploads\/2021\/11\/ChatGPT-Image-2-may-2026-03_20_14-p.m.png",1402,1122,false],"woocommerce_archive_thumbnail":["https:\/\/saturnocafe.org\/wp-content\/uploads\/2021\/11\/ChatGPT-Image-2-may-2026-03_20_14-p.m-400x320.png",400,320,true],"woocommerce_thumbnail":["https:\/\/saturnocafe.org\/wp-content\/uploads\/2021\/11\/ChatGPT-Image-2-may-2026-03_20_14-p.m-400x400.png",400,400,true],"woocommerce_single":["https:\/\/saturnocafe.org\/wp-content\/uploads\/2021\/11\/ChatGPT-Image-2-may-2026-03_20_14-p.m-600x480.png",600,480,true],"woocommerce_gallery_thumbnail":["https:\/\/saturnocafe.org\/wp-content\/uploads\/2021\/11\/ChatGPT-Image-2-may-2026-03_20_14-p.m-100x100.png",100,100,true]},"uagb_author_info":{"display_name":"232b40017@alumno.ujat.mx","author_link":"https:\/\/saturnocafe.org\/?author=0"},"uagb_comment_info":0,"uagb_excerpt":"Nuestro espresso est\u00e1 preparado con 19 gramos de caf\u00e9 en grano de origen veracruzano, con un intenso tueste franc\u00e9s de la marca Finca Sof\u00eda. Se muele al instante para garantizar su frescura y se extrae con 60 ml de agua, logrando una bebida concentrada, arom\u00e1tica y de sabor profundo. Puede disfrutarse en taza de porcelana&hellip;","jetpack_sharing_enabled":true,"_links":{"self":[{"href":"https:\/\/saturnocafe.org\/index.php?rest_route=\/wp\/v2\/product\/112","targetHints":{"allow":["GET"]}}],"collection":[{"href":"https:\/\/saturnocafe.org\/index.php?rest_route=\/wp\/v2\/product"}],"about":[{"href":"https:\/\/saturnocafe.org\/index.php?rest_route=\/wp\/v2\/types\/product"}],"replies":[{"embeddable":true,"href":"https:\/\/saturnocafe.org\/index.php?rest_route=%2Fwp%2Fv2%2Fcomments&post=112"}],"wp:featuredmedia":[{"embeddable":true,"href":"https:\/\/saturnocafe.org\/index.php?rest_route=\/wp\/v2\/media\/653"}],"wp:attachment":[{"href":"https:\/\/saturnocafe.org\/index.php?rest_route=%2Fwp%2Fv2%2Fmedia&parent=112"}],"wp:term":[{"taxonomy":"product_brand","embeddable":true,"href":"https:\/\/saturnocafe.org\/index.php?rest_route=%2Fwp%2Fv2%2Fproduct_brand&post=112"},{"taxonomy":"product_cat","embeddable":true,"href":"https:\/\/saturnocafe.org\/index.php?rest_route=%2Fwp%2Fv2%2Fproduct_cat&post=112"},{"taxonomy":"product_tag","embeddable":true,"href":"https:\/\/saturnocafe.org\/index.php?rest_route=%2Fwp%2Fv2%2Fproduct_tag&post=112"}],"curies":[{"name":"wp","href":"https:\/\/api.w.org\/{rel}","templated":true}]}}