{"id":581,"date":"2021-11-30T09:35:20","date_gmt":"2021-11-30T09:35:20","guid":{"rendered":"https:\/\/startersites.io\/blocksy\/petsy\/?page_id=9"},"modified":"2026-05-07T23:27:10","modified_gmt":"2026-05-07T23:27:10","slug":"quienes-somos","status":"publish","type":"page","link":"https:\/\/saturnocafe.org\/?page_id=581","title":{"rendered":"\u00bfQui\u00e9nes somos?"},"content":{"rendered":"\n<div class=\"wp-block-columns is-layout-flex wp-container-core-columns-is-layout-28f84493 wp-block-columns-is-layout-flex\">\n<div class=\"wp-block-column is-layout-flow wp-block-column-is-layout-flow\" style=\"flex-basis:100%\">\n<div class=\"wp-block-stackable-image-box stk-block-image-box stk-hover-parent stk-block stk-7abc7c9 is-style-default\" data-block-id=\"7abc7c9\"><div class=\"stk-block-content stk-inner-blocks has-text-align-center stk-row stk-block-image-box__content\">\n<div class=\"wp-block-stackable-image stk-block-image stk-block stk-e2d9b69\" data-block-id=\"e2d9b69\"><style>.stk-e2d9b69 {min-height:var(--stk--preset--block-height--none, 0px) !important;padding-top:var(--stk--preset--spacing--none, 0px) !important;padding-right:var(--stk--preset--spacing--none, 0px) !important;padding-bottom:var(--stk--preset--spacing--none, 0px) !important;padding-left:var(--stk--preset--spacing--none, 0px) !important;z-index:0 !important;}.stk-e2d9b69 .stk-img-wrapper{height:353px !important;--stk-gradient-overlay:0.3 !important;}.stk-e2d9b69 .stk-img-wrapper img{border-radius:var(--stk--preset--border-radius--none, 0px) !important;}:where(.stk-hover-parent:hover,  .stk-hover-parent.stk--is-hovered) .stk-e2d9b69 .stk-img-wrapper::after{background-color:#000000B3 !important;}<\/style><figure><span class=\"stk-img-wrapper stk-image--shape-stretch\"><img loading=\"lazy\" decoding=\"async\" class=\"stk-img wp-image-651\" src=\"https:\/\/saturnocafe.org\/wp-content\/uploads\/2026\/05\/ChatGPT-Image-29-abr-2026-12_42_18.png\" width=\"1448\" height=\"1086\" srcset=\"https:\/\/saturnocafe.org\/wp-content\/uploads\/2026\/05\/ChatGPT-Image-29-abr-2026-12_42_18.png 1448w, https:\/\/saturnocafe.org\/wp-content\/uploads\/2026\/05\/ChatGPT-Image-29-abr-2026-12_42_18-300x225.png 300w, https:\/\/saturnocafe.org\/wp-content\/uploads\/2026\/05\/ChatGPT-Image-29-abr-2026-12_42_18-1024x768.png 1024w, https:\/\/saturnocafe.org\/wp-content\/uploads\/2026\/05\/ChatGPT-Image-29-abr-2026-12_42_18-768x576.png 768w, https:\/\/saturnocafe.org\/wp-content\/uploads\/2026\/05\/ChatGPT-Image-29-abr-2026-12_42_18-400x300.png 400w, https:\/\/saturnocafe.org\/wp-content\/uploads\/2026\/05\/ChatGPT-Image-29-abr-2026-12_42_18-600x450.png 600w\" sizes=\"auto, (max-width: 1448px) 100vw, 1448px\" \/><\/span><\/figure><\/div>\n\n\n\n<div class=\"wp-block-stackable-column stk-block-column stk-column stk-block stk-33bd190\" data-v=\"4\" data-block-id=\"33bd190\"><style>.stk-33bd190 {align-items:center !important;display:flex !important;}<\/style><div class=\"stk-column-wrapper stk-block-column__content stk-container stk-33bd190-container stk--no-background stk--no-padding\"><div class=\"stk-block-content stk-inner-blocks stk-33bd190-inner-blocks\">\n<div class=\"wp-block-stackable-subtitle stk-block-subtitle stk-block stk-e1d2300\" data-block-id=\"e1d2300\"><style>.stk-e1d2300 {margin-bottom:8px !important;opacity:0 !important;}:where(.stk-hover-parent:hover,  .stk-hover-parent.stk--is-hovered) .stk-e1d2300{opacity:1 !important;}.stk-e1d2300 .stk-block-subtitle__text{font-size:var(--stk--preset--font-size--medium, 20px) !important;color:#FFFFFF !important;font-family:\"Baloo Thambi 2\", Sans-serif !important;}@media screen and (max-width:999px){.stk-e1d2300 .stk-block-subtitle__text{font-size:var(--stk--preset--font-size--medium, 20px) !important;}}<\/style><p class=\"stk-block-subtitle__text stk-subtitle has-text-color has-white-color\">\u00bfQui\u00e9nes somos?<\/p><\/div>\n\n\n\n<div class=\"wp-block-stackable-heading stk-block-heading stk-block-heading--v2 stk-block stk-daa26b4\" id=\"saturno-cafe-amp-crepas\" data-block-id=\"daa26b4\"><style>.stk-daa26b4 .stk-block-heading__text{color:#FFFFFF !important;}<\/style><h4 class=\"stk-block-heading__text has-text-color has-white-color\">Saturno caf\u00e9 &amp; crepas<\/h4><\/div>\n\n\n\n<div class=\"wp-block-stackable-text stk-block-text stk-block stk-6212243\" data-block-id=\"6212243\"><style>.stk-6212243 {opacity:0 !important;}:where(.stk-hover-parent:hover,  .stk-hover-parent.stk--is-hovered) .stk-6212243{opacity:1 !important;}.stk-6212243 .stk-block-text__text{font-size:var(--stk--preset--font-size--medium, 20px) !important;color:#FFFFFF !important;font-family:\"Baloo Thambi 2\", Sans-serif !important;}@media screen and (max-width:999px){.stk-6212243 .stk-block-text__text{font-size:var(--stk--preset--font-size--medium, 20px) !important;}}<\/style><p class=\"stk-block-text__text has-text-color has-white-color\">Somos la primer cafeter\u00eda en nuestra colonia<\/p><\/div>\n<\/div><\/div><\/div>\n<\/div><\/div>\n\n\n\n<div class=\"wp-block-stackable-text stk-block-text stk-block stk-d0409ef\" data-block-id=\"d0409ef\"><style>.stk-d0409ef .stk-block-text__text{font-size:30px !important;font-family:\"Baloo Chettan 2\", Sans-serif !important;}@media screen and (max-width:999px){.stk-d0409ef .stk-block-text__text{font-size:30px !important;}}<\/style><p class=\"stk-block-text__text has-text-align-justify\">Estamos ubicados en R\/A Anacleto Canabal 2da secci\u00f3n, sobre la calle principal, en frente de la primaria Soledad G. Cruz. Saturno es una cafeter\u00eda dedicada a construir un espacio donde quienes nos visitan se sientan c\u00f3modos y en confianza con quienes les atienden. <\/p><\/div>\n\n\n\n<div class=\"wp-block-stackable-text stk-block-text stk-block stk-eaa6872\" data-block-id=\"eaa6872\"><style>.stk-eaa6872 .stk-block-text__text{font-size:30px !important;font-family:\"Baloo Chettan 2\", Sans-serif !important;}@media screen and (max-width:999px){.stk-eaa6872 .stk-block-text__text{font-size:30px !important;}}<\/style><p class=\"stk-block-text__text has-text-align-justify\">Contamos con ingredientes de calidad para cada uno de nuestros productos. Para la preparaci\u00f3n del caf\u00e9 este es molido al instante de ser ordenado, el saz\u00f3n de nuestra cocina es \u00fanico, cada platillo es preparado con pasi\u00f3n y se sirve con gran calidez.<\/p><\/div>\n\n\n\n<div class=\"wp-block-stackable-text stk-block-text stk-block stk-f4b9f40\" data-block-id=\"f4b9f40\"><style>.stk-f4b9f40 .stk-block-text__text{font-size:30px !important;font-family:\"Baloo Chettan 2\", Sans-serif !important;}@media screen and (max-width:999px){.stk-f4b9f40 .stk-block-text__text{font-size:30px !important;}}<\/style><p class=\"stk-block-text__text\">Saturno cuenta con una amplia variedad de productos, asimismo cuenta con servicio a domicilio con un costo extra o realizar el pedido desde casa y recoger en el local.<\/p><\/div>\n\n\n\n<div class=\"wp-block-stackable-heading stk-block-heading stk-block-heading--v2 stk-block stk-1ad5282\" id=\"nuestra-filosofia\" data-block-id=\"1ad5282\"><h2 class=\"stk-block-heading__text has-text-align-center\">Nuestra filosof\u00eda<\/h2><\/div>\n<\/div>\n<\/div>\n\n\n\n<div class=\"wp-block-columns is-layout-flex wp-container-core-columns-is-layout-28f84493 wp-block-columns-is-layout-flex\">\n<div class=\"wp-block-column is-layout-flow wp-block-column-is-layout-flow\">\n<div class=\"wp-block-stackable-image stk-block-image stk-block stk-3ff8d41\" data-block-id=\"3ff8d41\"><figure><span class=\"stk-img-wrapper stk-image--shape-stretch\"><img loading=\"lazy\" decoding=\"async\" class=\"stk-img wp-image-882\" src=\"https:\/\/saturnocafe.org\/wp-content\/uploads\/2026\/05\/IMG_8958-scaled-e1777936927633.jpg\" width=\"1630\" height=\"1707\" srcset=\"https:\/\/saturnocafe.org\/wp-content\/uploads\/2026\/05\/IMG_8958-scaled-e1777936927633.jpg 1630w, https:\/\/saturnocafe.org\/wp-content\/uploads\/2026\/05\/IMG_8958-scaled-e1777936927633-286x300.jpg 286w, https:\/\/saturnocafe.org\/wp-content\/uploads\/2026\/05\/IMG_8958-scaled-e1777936927633-978x1024.jpg 978w, https:\/\/saturnocafe.org\/wp-content\/uploads\/2026\/05\/IMG_8958-scaled-e1777936927633-768x804.jpg 768w, https:\/\/saturnocafe.org\/wp-content\/uploads\/2026\/05\/IMG_8958-scaled-e1777936927633-1467x1536.jpg 1467w, https:\/\/saturnocafe.org\/wp-content\/uploads\/2026\/05\/IMG_8958-scaled-e1777936927633-400x419.jpg 400w, https:\/\/saturnocafe.org\/wp-content\/uploads\/2026\/05\/IMG_8958-scaled-e1777936927633-600x628.jpg 600w\" sizes=\"auto, (max-width: 1630px) 100vw, 1630px\" \/><\/span><\/figure><\/div>\n\n\n\n<div class=\"wp-block-stackable-image stk-block-image stk-block stk-956849c\" data-block-id=\"956849c\"><figure><span class=\"stk-img-wrapper stk-image--shape-stretch\"><img loading=\"lazy\" decoding=\"async\" class=\"stk-img wp-image-651\" src=\"https:\/\/saturnocafe.org\/wp-content\/uploads\/2026\/05\/ChatGPT-Image-29-abr-2026-12_42_18.png\" width=\"1448\" height=\"1086\" srcset=\"https:\/\/saturnocafe.org\/wp-content\/uploads\/2026\/05\/ChatGPT-Image-29-abr-2026-12_42_18.png 1448w, https:\/\/saturnocafe.org\/wp-content\/uploads\/2026\/05\/ChatGPT-Image-29-abr-2026-12_42_18-300x225.png 300w, https:\/\/saturnocafe.org\/wp-content\/uploads\/2026\/05\/ChatGPT-Image-29-abr-2026-12_42_18-1024x768.png 1024w, https:\/\/saturnocafe.org\/wp-content\/uploads\/2026\/05\/ChatGPT-Image-29-abr-2026-12_42_18-768x576.png 768w, https:\/\/saturnocafe.org\/wp-content\/uploads\/2026\/05\/ChatGPT-Image-29-abr-2026-12_42_18-400x300.png 400w, https:\/\/saturnocafe.org\/wp-content\/uploads\/2026\/05\/ChatGPT-Image-29-abr-2026-12_42_18-600x450.png 600w\" sizes=\"auto, (max-width: 1448px) 100vw, 1448px\" \/><\/span><\/figure><\/div>\n<\/div>\n\n\n\n<div class=\"wp-block-column is-layout-flow wp-block-column-is-layout-flow\">\n<div class=\"wp-block-stackable-text stk-block-text stk-block stk-ebe1a42\" data-block-id=\"ebe1a42\"><style>.stk-ebe1a42 .stk-block-text__text{font-size:var(--stk--preset--font-size--large, 30px) !important;}@media screen and (max-width:999px){.stk-ebe1a42 .stk-block-text__text{font-size:var(--stk--preset--font-size--large, 30px) !important;}}<\/style><p class=\"stk-block-text__text has-text-align-center\"><strong>Misi\u00f3n<\/strong><\/p><\/div>\n\n\n\n<div class=\"wp-block-stackable-text stk-block-text stk-block stk-1eb7e70\" data-block-id=\"1eb7e70\"><style>.stk-1eb7e70 .stk-block-text__text{font-size:32px !important;font-family:\"Baloo Chettan 2\", Sans-serif !important;}@media screen and (max-width:999px){.stk-1eb7e70 .stk-block-text__text{font-size:32px !important;}}<\/style><p class=\"stk-block-text__text\">Ser la creper\u00eda m\u00e1s respetada y referenciada por nuestra calidad de servicio, rapidez de producci\u00f3n y modernidad al adaptarnos a nuevas tecnolog\u00edas en todo el sureste mexicano.<\/p><\/div>\n\n\n\n<div class=\"wp-block-stackable-text stk-block-text stk-block stk-f6e1873\" data-block-id=\"f6e1873\"><style>.stk-f6e1873 .stk-block-text__text{font-size:var(--stk--preset--font-size--large, 30px) !important;}@media screen and (max-width:999px){.stk-f6e1873 .stk-block-text__text{font-size:var(--stk--preset--font-size--large, 30px) !important;}}<\/style><p class=\"stk-block-text__text has-text-align-center\"><strong>Visi\u00f3n<\/strong><\/p><\/div>\n\n\n\n<div class=\"wp-block-stackable-text stk-block-text stk-block stk-4684fb9\" data-block-id=\"4684fb9\"><style>.stk-4684fb9 .stk-block-text__text{font-size:32px !important;font-family:\"Baloo Chettan 2\", Sans-serif !important;}@media screen and (max-width:999px){.stk-4684fb9 .stk-block-text__text{font-size:32px !important;}}<\/style><p class=\"stk-block-text__text\">Ofrecer un ambiente familiar y tranquilo, brindando un excelente servicio al cliente para generar la mayor comodidad y satisfacci\u00f3n junto con nuestros productos con calidad, con una variedad original, y a precios justos.<\/p><\/div>\n\n\n\n<div class=\"wp-block-stackable-text stk-block-text stk-block stk-ffb5a00\" data-block-id=\"ffb5a00\"><style>.stk-ffb5a00 .stk-block-text__text{font-size:var(--stk--preset--font-size--large, 30px) !important;}@media screen and (max-width:999px){.stk-ffb5a00 .stk-block-text__text{font-size:var(--stk--preset--font-size--large, 30px) !important;}}<\/style><p class=\"stk-block-text__text has-text-align-center\"><strong>Valores<\/strong><\/p><\/div>\n\n\n\n<div class=\"wp-block-stackable-text stk-block-text stk-block stk-5b26f56\" data-block-id=\"5b26f56\"><style>.stk-5b26f56 .stk-block-text__text{font-size:32px !important;font-family:\"Baloo Chettan 2\", Sans-serif !important;}@media screen and (max-width:999px){.stk-5b26f56 .stk-block-text__text{font-size:32px !important;}}<\/style><p class=\"stk-block-text__text\">Nuestra calidad de servicio se fundamenta a trav\u00e9s de los siguientes valores: atenci\u00f3n, Innovaci\u00f3n, Honestidad, Comodidad, Rapidez e Inclusi\u00f3n.<\/p><\/div>\n<\/div>\n<\/div>\n\n\n\n<div class=\"wp-block-stackable-columns stk-block-columns stk-block stk-5d59b07\" data-block-id=\"5d59b07\"><style>.stk-5d59b07 {margin-bottom:0px !important;}.stk-5d59b07-column{row-gap:30px !important;}<\/style><div class=\"stk-row stk-inner-blocks stk-block-content stk-content-align stk-5d59b07-column\">\n<div class=\"wp-block-stackable-column stk-block-column stk-column stk-block stk-0d4fefc\" data-v=\"4\" data-block-id=\"0d4fefc\"><style>.stk-0d4fefc-container{margin-top:0px !important;margin-right:0px !important;margin-bottom:0px !important;margin-left:0px !important;}@media screen and (min-width:690px){.stk-0d4fefc {flex:var(--stk-flex-grow, 1) 1 calc(68.8% - var(--stk-column-gap, 0px) * 1 \/ 2 ) !important;}}<\/style><div class=\"stk-column-wrapper stk-block-column__content stk-container stk-0d4fefc-container stk--no-background stk--no-padding\"><div class=\"stk-block-content stk-inner-blocks stk-0d4fefc-inner-blocks\">\n<div class=\"wp-block-stackable-heading stk-block-heading stk-block-heading--v2 stk-block stk-4f531fa\" id=\"somos-apasionados-en-cada-una-de-nuestras-areas\" data-block-id=\"4f531fa\"><style>.stk-4f531fa {max-width:600px !important;min-width:auto !important;}.stk-4f531fa .stk-block-heading__text{font-size:40px !important;}@media screen and (max-width:999px){.stk-4f531fa .stk-block-heading__text{font-size:35px !important;}}<\/style><h2 class=\"stk-block-heading__text has-text-align-center-mobile\">Somos apasionados en cada una de nuestras \u00e1reas<\/h2><\/div>\n<\/div><\/div><\/div>\n\n\n\n<div class=\"wp-block-stackable-column stk-block-column stk-column stk-block stk-187eb5c\" data-v=\"4\" data-block-id=\"187eb5c\"><style>.stk-187eb5c-container{margin-top:0px !important;margin-right:0px !important;margin-bottom:0px !important;margin-left:0px !important;}.stk-187eb5c {align-self:flex-end !important;}@media screen and (min-width:690px){.stk-187eb5c {flex:var(--stk-flex-grow, 1) 1 calc(31.200000000000003% - var(--stk-column-gap, 0px) * 1 \/ 2 ) !important;}}<\/style><div class=\"stk-column-wrapper stk-block-column__content stk-container stk-187eb5c-container stk--no-background stk--no-padding\"><div class=\"stk-block-content stk-inner-blocks stk-187eb5c-inner-blocks\">\n<div class=\"wp-block-stackable-button-group stk-block-button-group stk-block stk-7d5882c\" data-block-id=\"7d5882c\"><div class=\"stk-row stk-inner-blocks has-text-align-right has-text-align-center-mobile stk-block-content stk-button-group\">\n<div class=\"wp-block-stackable-button stk-block-button is-style-ghost stk-block stk-69892da\" data-block-id=\"69892da\"><style>.stk-69892da .stk-button{padding-top:10px !important;padding-right:25px !important;padding-bottom:10px !important;padding-left:25px !important;background:transparent !important;}.stk-69892da .stk-button:hover:after{background:transparent !important;opacity:1 !important;}:where(.stk-hover-parent:hover,  .stk-hover-parent.stk--is-hovered) .stk-69892da .stk-button:after{background:transparent !important;opacity:1 !important;}.stk-69892da .stk-button:before{border-style:solid !important;border-top-width:2px !important;border-right-width:2px !important;border-bottom-width:2px !important;border-left-width:2px !important;}.stk-69892da .stk-button__inner-text{font-size:15px !important;font-weight:600 !important;text-transform:uppercase !important;}@media screen and (max-width:999px){.stk-69892da .stk-button__inner-text{font-size:15px !important;}}<\/style><a class=\"stk-link stk-button stk--hover-effect-darken\" href=\"https:\/\/saturnocafe.org\/?post_type=product\" rel=\"https:\/\/saturnocafe.org\/?post_type=product\"><span class=\"has-palette-color-3-color stk-button__inner-text\">Compra ahora<\/span><\/a><\/div>\n<\/div><\/div>\n<\/div><\/div><\/div>\n<\/div><\/div>\n\n\n\n<div class=\"wp-block-stackable-spacer stk-block-spacer stk--no-padding stk-block stk-c501948\" data-block-id=\"c501948\"><style>.stk-c501948 {height:50px !important;}<\/style><\/div>\n\n\n\n<div class=\"wp-block-stackable-text stk-block-text stk-block stk-cc84206\" data-block-id=\"cc84206\"><style>.stk-cc84206 {margin-bottom:15px !important;opacity:0.4 !important;}.stk-cc84206 .stk-block-text__text{color:var(--theme-palette-color-3, #17383e) !important;font-weight:700 !important;text-transform:uppercase !important;font-family:\"Baloo Chettan 2\", Sans-serif !important;}@media screen and (max-width:999px){.stk-cc84206 {margin-bottom:15px !important;}}@media screen and (max-width:689px){.stk-cc84206 {margin-bottom:5px !important;}}<\/style><p class=\"stk-block-text__text has-text-color has-palette-color-3-color has-text-align-justify\"><\/p><\/div>\n\n\n\n<div class=\"wp-block-stackable-text stk-block-text stk-block stk-37e31da\" data-block-id=\"37e31da\"><style>.stk-37e31da .stk-block-text__text{font-size:27px !important;font-family:\"Baloo Chettan 2\", Sans-serif !important;}@media screen and (max-width:999px){.stk-37e31da .stk-block-text__text{font-size:27px !important;}}<\/style><p class=\"stk-block-text__text has-text-align-justify\">Saturno surge como una idea emprendedora el 21 de febrero de 2022 por parte de Daniel Villegas (due\u00f1o de Saturno) quien narra que, al percatarse de la ausencia de una cafeter\u00eda en su colonia, decidi\u00f3 empezar a desarrollar su idea de poner una, ya que solo exist\u00edan fondas, pero el concepto de cafeter\u00eda no, al igual que su gusto personal por el caf\u00e9 fue que lo impuls\u00f3 a su decisi\u00f3n de iniciar<br>este negocio.<\/p><\/div>\n","protected":false},"excerpt":{"rendered":"<p>\u00bfQui\u00e9nes somos? Saturno caf\u00e9 &amp; crepas Somos la primer cafeter\u00eda en nuestra colonia Estamos ubicados en R\/A Anacleto Canabal 2da secci\u00f3n, sobre la calle principal, en frente de la primaria Soledad G. Cruz. Saturno es una cafeter\u00eda dedicada a construir un espacio donde quienes nos visitan se sientan c\u00f3modos y en confianza con quienes les [&hellip;]<\/p>\n","protected":false},"author":1,"featured_media":0,"parent":0,"menu_order":0,"comment_status":"closed","ping_status":"closed","template":"","meta":{"_uag_custom_page_level_css":"","advanced_seo_description":"","jetpack_seo_html_title":"","jetpack_seo_noindex":false,"footnotes":""},"class_list":["post-581","page","type-page","status-publish","hentry"],"blocksy_meta":{"styles_descriptor":{"styles":{"desktop":"","tablet":"","mobile":""},"google_fonts":[],"version":6},"page_title_panel":"","has_hero_section":"disabled","56dc8bb8328744ce058b8d9cd82b2d38":"","hero_section":"type-1","hero_elements":[{"id":"custom_title","enabled":true,"heading_tag":"h1","title":"Home"},{"id":"custom_description","enabled":true,"description_visibility":{"desktop":true,"tablet":true,"mobile":false}},{"id":"custom_meta","enabled":false,"meta_elements":[{"id":"author","enabled":true,"label":"By","has_author_avatar":"yes","avatar_size":25},{"id":"post_date","enabled":true,"label":"On","date_format_source":"default","date_format":"M j, Y"},{"id":"updated_date","enabled":false,"label":"On","date_format_source":"default","date_format":"M j, Y"},{"id":"categories","enabled":false,"label":"In","style":"simple"},{"id":"comments","enabled":true}],"page_meta_elements":{"joined":true,"articles_count":true,"comments":true}},{"id":"breadcrumbs","enabled":false}],"df2ebe791f90eea1db152da20fbeac92":"","hero_alignment1":"CT_CSS_SKIP_RULE","hero_margin":40,"hero_alignment2":"center","hero_vertical_alignment":"center","7306495ef28b7caa97798dffa77f609b":"","hero_structure":"narrow","3270ae7e31121afd49dc0a0aa5e67f73":"","page_title_bg_type":"featured_image","custom_hero_background":{"attachment_id":null},"parallax":{"desktop":false,"tablet":false,"mobile":false},"b44a1e6cd9de7c8def311d113a9c577e":"","hero_height":"250px","pageTitleFont":{"family":"Default","variation":"Default","size":"30px","line-height":"CT_CSS_SKIP_RULE","letter-spacing":"CT_CSS_SKIP_RULE","text-transform":"CT_CSS_SKIP_RULE","text-decoration":"CT_CSS_SKIP_RULE"},"pageTitleFontColor":{"default":{"color":"CT_CSS_SKIP_RULEDEFAULT"}},"pageMetaFont":{"family":"Default","variation":"n6","size":"12px","line-height":"1.3","letter-spacing":"CT_CSS_SKIP_RULE","text-transform":"uppercase","text-decoration":"CT_CSS_SKIP_RULE"},"pageMetaFontColor":{"default":{"color":"CT_CSS_SKIP_RULEDEFAULT"},"hover":{"color":"CT_CSS_SKIP_RULEDEFAULT"}},"page_meta_button_type_font_colors":{"default":{"color":"CT_CSS_SKIP_RULEDEFAULT"},"hover":{"color":"CT_CSS_SKIP_RULEDEFAULT"}},"page_meta_button_type_background_colors":{"default":{"color":"CT_CSS_SKIP_RULEDEFAULT"},"hover":{"color":"CT_CSS_SKIP_RULEDEFAULT"}},"pageExcerptFont":{"family":"Default","variation":"Default","size":"CT_CSS_SKIP_RULE","line-height":"CT_CSS_SKIP_RULE","letter-spacing":"CT_CSS_SKIP_RULE","text-transform":"CT_CSS_SKIP_RULE","text-decoration":"CT_CSS_SKIP_RULE"},"pageExcerptColor":{"default":{"color":"CT_CSS_SKIP_RULEDEFAULT"}},"breadcrumbsFont":{"family":"Default","variation":"Default","size":"CT_CSS_SKIP_RULE","line-height":"CT_CSS_SKIP_RULE","letter-spacing":"CT_CSS_SKIP_RULE","text-transform":"CT_CSS_SKIP_RULE","text-decoration":"CT_CSS_SKIP_RULE"},"breadcrumbsFontColor":{"default":{"color":"CT_CSS_SKIP_RULEDEFAULT"},"initial":{"color":"CT_CSS_SKIP_RULEDEFAULT"},"hover":{"color":"CT_CSS_SKIP_RULEDEFAULT"}},"pageTitleOverlay":{"background_type":"color","background_pattern":"type-1","background_image":{"attachment_id":null,"x":0,"y":0},"gradient":"linear-gradient(135deg,rgba(6,147,227,1) 0%,rgb(155,81,224) 100%)","background_repeat":"repeat","background_size":"auto","background_attachment":"scroll","patternColor":{"default":{"color":"#e5e7ea"}},"overlayColor":{"default":{"color":"CT_CSS_SKIP_RULE"}},"backgroundColor":{"default":{"color":"CT_CSS_SKIP_RULE"}}},"pageTitleBackground":{"background_type":"color","background_pattern":"type-1","background_image":{"attachment_id":null,"x":0,"y":0},"gradient":"linear-gradient(135deg,rgba(6,147,227,1) 0%,rgb(155,81,224) 100%)","background_repeat":"repeat","background_size":"auto","background_attachment":"scroll","patternColor":{"default":{"color":"#e5e7ea"}},"overlayColor":{"default":{"color":"CT_CSS_SKIP_RULE"}},"backgroundColor":{"default":{"color":"var(--theme-palette-color-6)"}}},"pageTitlePadding":{"top":"50px","bottom":"50px","left":"auto","right":"auto","linked":true},"349d28852cc80bf2afbda0c5bf393627":"","page_structure_type":"default","8e98da53888c0fde48b562c569fb7662":"","content_style_source":"inherit","content_style":"wide","vertical_spacing_source":"custom","content_area_spacing":"none","background":{"background_type":"color","background_pattern":"type-1","background_image":{"attachment_id":null,"x":0,"y":0},"gradient":"linear-gradient(135deg,rgba(6,147,227,1) 0%,rgb(155,81,224) 100%)","background_repeat":"repeat","background_size":"auto","background_attachment":"scroll","patternColor":{"default":{"color":"#e5e7ea"}},"overlayColor":{"default":{"color":"CT_CSS_SKIP_RULE"}},"backgroundColor":{"default":{"color":"CT_CSS_SKIP_RULE"}}},"content_background":{"background_type":"color","background_pattern":"type-1","background_image":{"attachment_id":null,"x":0,"y":0},"gradient":"linear-gradient(135deg,rgba(6,147,227,1) 0%,rgb(155,81,224) 100%)","background_repeat":"repeat","background_size":"auto","background_attachment":"scroll","patternColor":{"default":{"color":"#e5e7ea"}},"overlayColor":{"default":{"color":"CT_CSS_SKIP_RULE"}},"backgroundColor":{"default":{"color":"var(--theme-palette-color-8)"}}},"content_boxed_shadow":{"inherit":false,"blur":18,"spread":-6,"v_offset":12,"h_offset":0,"inset":false,"enable":true,"color":{"color":"rgba(34, 56, 101, 0.04)"}},"boxed_content_spacing":{"desktop":{"top":"40px","bottom":"40px","left":"40px","right":"40px","linked":true},"tablet":{"top":"35px","bottom":"35px","left":"35px","right":"35px","linked":true},"mobile":{"top":"20px","bottom":"20px","left":"20px","right":"20px","linked":true}},"content_boxed_radius":{"top":"3px","bottom":"3px","left":"3px","right":"3px","linked":true},"f8ecb128d0a0b88b8863f080a2e72733":"","disable_featured_image":"no","disable_header":"no","disable_footer":"no"},"uagb_featured_image_src":{"full":false,"thumbnail":false,"medium":false,"medium_large":false,"large":false,"1536x1536":false,"2048x2048":false,"woocommerce_archive_thumbnail":false,"woocommerce_thumbnail":false,"woocommerce_single":false,"woocommerce_gallery_thumbnail":false},"uagb_author_info":{"display_name":"232b40017@alumno.ujat.mx","author_link":"https:\/\/saturnocafe.org\/?author=1"},"uagb_comment_info":0,"uagb_excerpt":"\u00bfQui\u00e9nes somos? Saturno caf\u00e9 &amp; crepas Somos la primer cafeter\u00eda en nuestra colonia Estamos ubicados en R\/A Anacleto Canabal 2da secci\u00f3n, sobre la calle principal, en frente de la primaria Soledad G. Cruz. Saturno es una cafeter\u00eda dedicada a construir un espacio donde quienes nos visitan se sientan c\u00f3modos y en confianza con quienes les&hellip;","jetpack_sharing_enabled":true,"_links":{"self":[{"href":"https:\/\/saturnocafe.org\/index.php?rest_route=\/wp\/v2\/pages\/581","targetHints":{"allow":["GET"]}}],"collection":[{"href":"https:\/\/saturnocafe.org\/index.php?rest_route=\/wp\/v2\/pages"}],"about":[{"href":"https:\/\/saturnocafe.org\/index.php?rest_route=\/wp\/v2\/types\/page"}],"author":[{"embeddable":true,"href":"https:\/\/saturnocafe.org\/index.php?rest_route=\/wp\/v2\/users\/1"}],"replies":[{"embeddable":true,"href":"https:\/\/saturnocafe.org\/index.php?rest_route=%2Fwp%2Fv2%2Fcomments&post=581"}],"version-history":[{"count":16,"href":"https:\/\/saturnocafe.org\/index.php?rest_route=\/wp\/v2\/pages\/581\/revisions"}],"predecessor-version":[{"id":1039,"href":"https:\/\/saturnocafe.org\/index.php?rest_route=\/wp\/v2\/pages\/581\/revisions\/1039"}],"wp:attachment":[{"href":"https:\/\/saturnocafe.org\/index.php?rest_route=%2Fwp%2Fv2%2Fmedia&parent=581"}],"curies":[{"name":"wp","href":"https:\/\/api.w.org\/{rel}","templated":true}]}}